 millions digit of 773597064?
7
What is the thousands digit of 472637103?
7
What is the hundreds digit of 61232295?
2
What is the units digit of 80059864?
4
What is the hundred millions digit of 271572632?
2
What is the thousands digit of 270917976?
7
What is the hundreds digit of 17247416?
4
What is the hundred millions digit of 2359496084?
3
What is the hundred millions digit of 570961958?
5
What is the thousands digit of 559239453?
9
What is the thousands digit of 23363013?
3
What is the ten thousands digit of 593505820?
0
What is the hundreds digit of 59356691?
6
What is the thousands digit of 7235989?
5
What is the units digit of 51970584?
4
What is the millions digit of 19694106?
9
What is the ten thousands digit of 4106761092?
6
What is the ten thousands digit of 100426262?
2
What is the hundred millions digit of 795287750?
7
What is the units digit of 218519415?
5
What is the ten thousands digit of 925734313?
3
What is the hundreds digit of 163220914?
9
What is the hundred millions digit of 2456254536?
4
What is the thousands digit of 1080429151?
9
What is the ten thousands digit of 1983879474?
7
What is the thousands digit of 31659731?
9
What is the millions digit of 2995188701?
5
What is the ten millions digit of 1405320915?
0
What is the thousands digit of 3118315711?
5
What is the ten millions digit of 1144439264?
4
What is the units digit of 14693054?
4
What is the units digit of 42985044?
4
What is the ten thousands digit of 4155914309?
1
What is the billions digit of 3799173679?
3
What is the thousands digit of 1012510?
2
What is the hundred thousands digit of 36089094?
0
What is the hundred thousands digit of 125323593?
3
What is the ten thousands digit of 49387024?
8
What is the ten millions digit of 672237414?
7
What is the tens digit of 83283953?
5
What is the tens digit of 147263553?
5
What is the tens digit of 1327152869?
6
What is the millions digit of 56333393?
6
What is the thousands digit of 184432390?
2
What is the ten thousands digit of 28589678?
8
What is the hundred thousands digit of 438792435?
7
What is the millions digit of 135591063?
5
What is the millions digit of 31938136?
1
What is the ten thousands digit of 3939703598?
0
What is the units digit of 1314274176?
6
What is the hundreds digit of 11080315?
3
What is the tens digit of 35053133?
3
What is the ten thousands digit of 2243566524?
6
What is the units digit of 1248149314?
4
What is the hundred millions digit of 2660630191?
6
What is the tens digit of 40371192?
9
What is the tens digit of 477385190?
9
What is the hundreds digit of 66790512?
5
What is the ten thousands digit of 91933448?
3
What is the hundred millions digit of 1324067772?
3
What is the hundreds digit of 3866841662?
6
What is the ten millions digit of 31828731?
3
What is the hundred millions digit of 431711770?
4
What is the tens digit of 129800581?
8
What is the units digit of 143741619?
9
What is the hundred millions digit of 1088822276?
0
What is the ten thousands digit of 1757525916?
2
What is the hundreds digit of 48110649?
6
What is the hundreds digit of 547135780?
7
What is the hundreds digit of 6215581330?
3
What is the hundreds digit of 5849566165?
1
What is the hundreds digit of 7799352?
3
What is the tens digit of 52500567?
6
What is the thousands digit of 2508972548?
2
What is the millions digit of 111414875?
1
What is the ten thousands digit of 234228907?
2
What is the millions digit of 10927859?
0
What is the thousands digit of 3197861?
7
What is the hundreds digit of 59084814?
8
What is the thousands digit of 39809234?
9
What is the ten millions digit of 93905950?
9
What is the hundred millions digit of 117009905?
1
What is the thousands digit of 210930143?
0
What is the hundreds digit of 3895946952?
9
What is the hundred thousands digit of 789646023?
6
What is the units digit of 71966249?
9
What is the thousands digit of 118621597?
1
What is the thousands digit of 83995900?
5
What is the thousands digit of 162941524?
1
What is the thousands digit of 146622964?
2
What is the tens digit of 74451602?
0
What is the thousands digit of 165368617?
8
What is the thousands digit of 33155592?
5
What is the ten millions digit of 474116773?
7
What is the millions digit of 67233352?
7
What is the hundred millions digit of 235402380?
2
What is the units digit of 65651212?
2
What is the tens digit of 204353600?
0
What is the hundreds digit of 59024381?
3
What is the ten millions digit of 113821868?
1
What is the thousands digit of 1488698889?
8
What is the ten millions digit of 23108918?
2
What is the ten thousands digit of 1139193624?
9
What is the ten thousands digit of 86568585?
6
What is the ten thousands digit of 27718189?
1
What is the thousands digit of 42641268?
1
What is the millions digit of 286844925?
6
What is the ten thousands digit of 113682907?
8
What is the hundred millions digit of 363577627?
3
What is the ten millions digit of 2688313911?
8
What is the hundreds digit of 155300518?
5
What is the millions digit of 27736136?
7
What is the units digit of 154353351?
1
What is the hundred millions digit of 1251108542?
2
What is the millions digit of 54819574?
4
What is the ten thousands digit of 356732652?
3
What is the hundred thousands digit of 221018023?
0
What is the ten thousands digit of 24562088?
6
What is the units digit of 252587596?
6
What is the ten thousands digit of 15689823?
8
What is the ten thousands digit of 4060896255?
9
What is the millions digit of 419473634?
9
What is the tens digit of 4759330796?
9
What is the tens digit of 337887972?
7
What is the hundred thousands digit of 356785137?
7
What is the ten thousands digit of 918761437?
6
What is the ten thousands digit of 13949525?
4
What is the tens digit of 15744772?
7
What is the millions digit of 2511036?
2
What is the ten thousands digit of 72453041?
5
What is the ten millions digit of 879895545?
7
What is the hundred thousands digit of 1469133200?
1
What is the millions digit of 107563979?
7
What is the ten thousands digit of 127440282?
4
What is the hundred thousands digit of 423860513?
8
What is the units digit of 39024191?
1
What is the hundreds digit of 467597662?
6
What is the thousands digit of 1409319894?
9
What is the hundred millions digit of 1003507986?
0
What is the ten millions digit of 20860853?
2
What is the hundreds digit of 25989937?
9
What is the ten millions digit of 74271503?
7
What is the units digit of 45391174?
4
What is the ten millions digit of 781959494?
8
What is the units digit of 145391555?
5
What is the hundred millions digit of 130536311?
1
What is the ten thousands digit of 34000500?
0
What is the tens digit of 915712618?
1
What is the thousands digit of 4555716098?
6
What is the hundred millions digit of 2384501339?
3
What is the units digit of 1077321693?
3
What is the millions digit of 1093458004?
3
What is the thousands digit of 12577552?
7
What is the units digit of 2129180824?
4
What is the hundred millions digit of 1173462656?
1
What is the hundred thousands digit of 2768421164?
4
What is the billions digit of 2375737993?
2
What is the tens digit of 1375837015?
1
What is the ten millions digit of 60380617?
6
What is the hundreds digit of 731718070?
0
What is the millions digit of 61312379?
1
What is the hundred millions digit of 184757925?
1
What is the hundreds digit of 121149774?
7
What is the ten thousands digit of 327829807?
2
What is the millions digit of 182685937?
2
What is the units digit of 356743263?
3
What is the hundred millions digit of 114469494?
1
What is the units digit of 11303625?
5
What is the millions digit of 53632815?
3
What is the ten millions digit of 125306832?
2
What is the units digit of 5378788?
8
What is the tens digit of 125400488?
8
What is the tens digit of 22789495?
9
What is the ten millions digit of 39364677?
3
What is the ten millions digit of 328330960?
2
What is the millions digit of 490584934?
0
What is the ten millions digit of 30143323?
3
What is the hundred thousands digit of 180583951?
5
What is the ten millions digit of 5037291326?
3
What is the hundreds digit of 410616829?
8
What is the units digit of 44764271?
1
What is the ten millions digit of 38627751?
3
What is the ten millions digit of 266368063?
6
What is the